{"id":312,"date":"2023-12-01T07:36:00","date_gmt":"2023-12-01T06:36:00","guid":{"rendered":"https:\/\/foreningenles.no\/lesoglek\/?post_type=book&#038;p=312"},"modified":"2024-11-04T05:09:19","modified_gmt":"2024-11-04T04:09:19","slug":"gard-er-ikkje-redd","status":"publish","type":"book","link":"https:\/\/foreningenles.no\/lesoglek\/bok\/gard-er-ikkje-redd\/","title":{"rendered":"Gard er ikkje redd"},"content":{"rendered":"\n<p><em>Gard vil bli med pappa p\u00e5 fjellet. Dei m\u00e5 finne den siste sauen og lammet. For i skogen lurar reven. F\u00f8rre gong Gard og pappa gjekk i skogen, hadde reven tatt eit lam. Heldigvis har Gard laga ei b\u00f8rse av tre. No skal ikkje reven f\u00f8le seg trygg!<\/em><\/p>\n\n\n\n<p><em>Men mamma har andre planer for Gard. Ho vil at han skal leike med ei jente som er f\u00f8dd i det same landet som han. Gard blir sint. Kvifor skal han leike med ei lita jente? Berre fordi dei ser like ut? Gard spring mot skogen. Og skogen er m\u00f8rk og skummel.<\/em><\/p>\n\n\n\n<p>Gard er ikkje redd <em>handlar om eit barns ynskje om \u00e5 bli sett for det barnet er og ikkje for det vaksne trur det er.<\/em><\/p>\n\n\n\n<p>Bla i boka: <\/p>\n\n\n\n<figure class=\"wp-block-embed is-type-rich is-provider-issuu wp-block-embed-issuu\"><div class=\"wp-block-embed__wrapper\">\n<div data-url=\"https:\/\/issuu.com\/aschehoug\/docs\/9788203378461_issu_gard_er_ikkje_redd\" style=\"width: 900px; height: 620px;\" class=\"issuuembed\"><\/div><script type=\"text\/javascript\" src=\"\/\/e.issuu.com\/embed.js\" async=\"true\"><\/script>\n<\/div><\/figure>\n\n\n\n<p class=\"has-text-align-left\">Heng opp plakater med bilder fra boka:<\/p>\n\n\n\n<ul class=\"wp-block-list\">\n<li><a href=\"http:\/\/foreningenles.no\/lesoglek\/files\/2023\/11\/Gard-plakat-1-komprimert.pdf\" data-type=\"link\" data-id=\"http:\/\/foreningenles.no\/lesoglek\/files\/2023\/11\/Gard-plakat-1-komprimert.pdf\" target=\"_blank\" rel=\"noreferrer noopener\"><em>Gard er ikkje redd <\/em>&#8211; plakat med bokas forside<\/a>.<\/li>\n\n\n\n<li><a href=\"http:\/\/foreningenles.no\/lesoglek\/files\/2023\/12\/Gard-plakat-2.pdf\" data-type=\"link\" data-id=\"http:\/\/foreningenles.no\/lesoglek\/files\/2023\/12\/Gard-plakat-2.pdf\" target=\"_blank\" rel=\"noreferrer noopener\"><em>Gard er ikkje redd <\/em>&#8211; plakat med bilde fra boka.<\/a><\/li>\n<\/ul>\n\n\n\n<p class=\"has-text-align-left\">Se leker og aktiviteter til&nbsp;<em>Gard er ikkje redd <\/em>under!<\/p>\n","protected":false},"featured_media":38,"template":"","class_list":["post-312","book","type-book","status-publish","has-post-thumbnail","hentry"],"acf":[],"_links":{"self":[{"href":"https:\/\/foreningenles.no\/lesoglek\/wp-json\/wp\/v2\/book\/312","targetHints":{"allow":["GET"]}}],"collection":[{"href":"https:\/\/foreningenles.no\/lesoglek\/wp-json\/wp\/v2\/book"}],"about":[{"href":"https:\/\/foreningenles.no\/lesoglek\/wp-json\/wp\/v2\/types\/book"}],"version-history":[{"count":55,"href":"https:\/\/foreningenles.no\/lesoglek\/wp-json\/wp\/v2\/book\/312\/revisions"}],"predecessor-version":[{"id":2519,"href":"https:\/\/foreningenles.no\/lesoglek\/wp-json\/wp\/v2\/book\/312\/revisions\/2519"}],"wp:featuredmedia":[{"embeddable":true,"href":"https:\/\/foreningenles.no\/lesoglek\/wp-json\/wp\/v2\/media\/38"}],"wp:attachment":[{"href":"https:\/\/foreningenles.no\/lesoglek\/wp-json\/wp\/v2\/media?parent=312"}],"curies":[{"name":"wp","href":"https:\/\/api.w.org\/{rel}","templated":true}]}}

<p><em>Gard vil bli med pappa på fjellet. Dei må finne den siste sauen og lammet. For i skogen lurar reven. Førre gong Gard og pappa gjekk i skogen, hadde reven tatt eit lam. Heldigvis har Gard laga ei børse av tre. No skal ikkje reven føle seg trygg!</em></p>



<p><em>Men mamma har andre planer for Gard. Ho vil at han skal leike med ei jente som er fødd i det same landet som han. Gard blir sint. Kvifor skal han leike med ei lita jente? Berre fordi dei ser like ut? Gard spring mot skogen. Og skogen er mørk og skummel.</em></p>



<p>Gard er ikkje redd <em>handlar om eit barns ynskje om å bli sett for det barnet er og ikkje for det vaksne trur det er.</em></p>



<p>Bla i boka: </p>



<figure class="wp-block-embed is-type-rich is-provider-issuu wp-block-embed-issuu"><div class="wp-block-embed__wrapper">
<div data-url="https://issuu.com/aschehoug/docs/9788203378461_issu_gard_er_ikkje_redd" style="width: 900px; height: 620px;" class="issuuembed"></div><script type="text/javascript" src="//e.issuu.com/embed.js" async="true"></script>
</div></figure>



<p class="has-text-align-left">Heng opp plakater med bilder fra boka:</p>



<ul class="wp-block-list">
<li><a href="http://foreningenles.no/lesoglek/files/2023/11/Gard-plakat-1-komprimert.pdf" data-type="link" data-id="http://foreningenles.no/lesoglek/files/2023/11/Gard-plakat-1-komprimert.pdf" target="_blank" rel="noreferrer noopener"><em>Gard er ikkje redd </em>&#8211; plakat med bokas forside</a>.</li>



<li><a href="http://foreningenles.no/lesoglek/files/2023/12/Gard-plakat-2.pdf" data-type="link" data-id="http://foreningenles.no/lesoglek/files/2023/12/Gard-plakat-2.pdf" target="_blank" rel="noreferrer noopener"><em>Gard er ikkje redd </em>&#8211; plakat med bilde fra boka.</a></li>
</ul>



<p class="has-text-align-left">Se leker og aktiviteter til&nbsp;<em>Gard er ikkje redd </em>under!</p>
